35?
3
What is the millions digit of 67191603?
7
What is the units digit of 196092906?
6
What is the hundred thousands digit of 456788350?
7
What is the millions digit of 37390321?
7
What is the ten millions digit of 225874696?
2
What is the ten thousands digit of 187727869?
2
What is the hundred thousands digit of 106272844?
2
What is the units digit of 1608053564?
4
What is the billions digit of 1237674081?
1
What is the ten millions digit of 150617945?
5
What is the hundred thousands digit of 4240749402?
7
What is the tens digit of 173046145?
4
What is the tens digit of 1403688237?
3
What is the ten thousands digit of 284449103?
4
What is the billions digit of 3262444292?
3
What is the tens digit of 404809744?
4
What is the units digit of 201378303?
3
What is the thousands digit of 2176147354?
7
What is the hundreds digit of 64382531?
5
What is the thousands digit of 1487674506?
4
What is the units digit of 1621534376?
6
What is the ten millions digit of 197680307?
9
What is the hundred thousands digit of 2590411045?
4
What is the hundred thousands digit of 2178074891?
0
What is the ten millions digit of 210716759?
1
What is the ten millions digit of 417091279?
1
What is the tens digit of 1737992797?
9
What is the hundreds digit of 344546443?
4
What is the units digit of 2762676584?
4
What is the thousands digit of 323665606?
5
What is the millions digit of 50212248?
0
What is the thousands digit of 1993585869?
5
What is the hundred millions digit of 4949430481?
9
What is the hundreds digit of 143801271?
2
What is the units digit of 578382138?
8
What is the units digit of 668583268?
8
What is the hundred millions digit of 182205095?
1
What is the units digit of 2146289985?
5
What is the tens digit of 108516212?
1
What is the billions digit of 6063842986?
6
What is the units digit of 546802480?
0
What is the units digit of 508600215?
5
What is the millions digit of 35586730?
5
What is the millions digit of 42778721?
2
What is the thousands digit of 20751012?
1
What is the hundred millions digit of 347319564?
3
What is the hundreds digit of 3980042?
0
What is the hundred thousands digit of 5297497?
2
What is the tens digit of 787532945?
4
What is the ten thousands digit of 32265959?
6
What is the thousands digit of 301020627?
0
What is the billions digit of 1651441110?
1
What is the millions digit of 77745872?
7
What is the thousands digit of 333024743?
4
What is the hundreds digit of 131881865?
8
What is the ten thousands digit of 126918883?
1
What is the tens digit of 996495548?
4
What is the tens digit of 104458721?
2
What is the hundred thousands digit of 265396529?
3
What is the hundreds digit of 23290905?
9
What is the units digit of 103311591?
1
What is the tens digit of 5692518540?
4
What is the units digit of 96232977?
7
What is the hundreds digit of 342152186?
1
What is the hundred thousands digit of 383707066?
7
What is the tens digit of 523476171?
7
What is the tens digit of 442236027?
2
What is the units digit of 825063522?
2
What is the ten thousands digit of 37108290?
0
What is the millions digit of 71090140?
1
What is the tens digit of 1844393120?
2
What is the ten millions digit of 383817093?
8
What is the ten millions digit of 17687047?
1
What is the ten thousands digit of 2745153966?
5
What is the millions digit of 148992447?
8
What is the units digit of 41550031?
1
What is the ten thousands digit of 77093740?
9
What is the ten thousands digit of 50746093?
4
What is the billions digit of 6428110845?
6
What is the ten thousands digit of 18184063?
8
What is the tens digit of 140868361?
6
What is the hundreds digit of 4937960?
9
What is the tens digit of 1799487108?
0
What is the hundred thousands digit of 621358506?
3
What is the ten millions digit of 742137503?
4
What is the ten millions digit of 59445778?
5
What is the ten millions digit of 4372929654?
7
What is the thousands digit of 56149864?
9
What is the tens digit of 94096085?
8
What is the millions digit of 289241279?
9
What is the tens digit of 782846796?
9
What is the hundred millions digit of 296906282?
2
What is the hundred thousands digit of 197561955?
5
What is the units digit of 4371256542?
2
What is the hundreds digit of 42150968?
9
What is the hundred thousands digit of 139762476?
7
What is the hundred millions digit of 2690477797?
6
What is the tens digit of 2376206966?
6
What is the hundred thousands digit of 982468324?
4
What is the hundred thousands digit of 5429795594?
7
What is the hundreds digit of 134846884?
8
What is the ten thousands digit of 579746470?
4
What is the hundred millions digit of 1224264284?
2
What is the units digit of 24298846?
6
What is the units digit of 16623389?
9
What is the hundreds digit of 33866614?
6
What is the ten thousands digit of 5505651469?
5
What is the units digit of 898647193?
3
What is the hundred thousands digit of 96663936?
6
What is the units digit of 247568381?
1
What is the thousands digit of 1289249516?
9
What is the ten millions digit of 59891805?
5
What is the millions digit of 91839298?
1
What is the hundred millions digit of 155683047?
1
What is the ten thousands digit of 829586101?
8
What is the ten millions digit of 34621243?
3
What is the millions digit of 3565277270?
5
What is the ten thousands digit of 6544646772?
4
What is the millions digit of 6873077?
6
What is the tens digit of 35091411?
1
What is the hundred thousands digit of 80870747?
8
What is the hundred millions digit of 8426177363?
4
What is the tens digit of 1751266367?
6
What is the ten millions digit of 470252567?
7
What is the tens digit of 48509491?
9
What is the hundred thousands digit of 912895144?
8
What is the millions digit of 3744947929?
4
What is the hundred thousands digit of 472649618?
6
What is the billions digit of 3341398635?
3
What is the hundred thousands digit of 1809512276?
5
What is the ten millions digit of 3515342095?
1
What is the tens digit of 420702123?
2
What is the ten millions digit of 5466307218?
6
What is the ten millions digit of 2457137901?
5
What is the ten millions digit of 1331045856?
3
What is the tens digit of 402089828?
2
What is the hundred thousands digit of 60457016?
4
What is the hundreds digit of 913352903?
9
What is the hundred millions digit of 1815103889?
8
What is the units digit of 53351275?
5
What is the tens digit of 346762964?
6
What is the thousands digit of 46790101?
0
What is the hundreds digit of 19404963?
9
What is the millions digit of 3255096822?
5
What is the hundred millions digit of 349023810?
3
What is the ten millions digit of 104750317?
0
What is the ten millions digit of 1158830468?
5
What is the hundred thousands digit of 209180280?
1
What is the hundred thousands digit of 121893455?
8
What is the billions digit of 3401616382?
3
What is the ten millions digit of 82812241?
8
What is the thousands digit of 2320146664?
6
What is the ten thousands digit of 39362287?
6
What is the ten thousands digit of 255213328?
1
What is the ten millions digit of 1477255292?
7
What is the ten millions digit of 172942342?
7
What is the tens digit of 823570097?
9
What is the ten thousands digit of 97876101?
7
What is the ten thousands digit of 432562172?
6
What is the units digit of 68095249?
9
What is the thousands digit of 82362827?
2
What is the ten millions digit of 32711634?
3
What is the tens digit of 895618911?
1
What is the ten thousands digit of 43482075?
8
What is the thousands digit of 11191040?
1
What is the thousands digit of 557981960?
1
What is the ten thousands digit of 4161871190?
7
What is the hundreds digit of 860051860?
8
What is the millions digit of 670997971?
0
What is the tens digit of 40459104?
0
What is the units digit of 544177432?
2
What is the hundred thousands digit of 340015663?
0
What is the thousands digit of 230356675?
6
What is the ten thousands digit of 9549489?
4
What is the hundred thousands digit of 7172593?
1
What is the hundred thousands digit of 4843462719?
4
What is the units digit of 2449136614?
4
What is the hundred millions digit of 3784260124?
7
What is the hundred thousands digit of 85399391?
3
What is the hundred millions digit of 431036704?
4
What is the hundred thousands digit of 4999120992?
1
What is the hundred thousands digit of 13433402